 - 1. Suppose -3*g - 40 = 2*g. What is the units digit of i(g)?
2
Suppose -39*n + 40*n + 22 = 0. Let a = 41 - n. What is the tens digit of a?
6
Let n be (-242)/12 - (-1)/6. What is the tens digit of (-5)/n + 1166/8?
4
Let w = -68 - -126. Let p = w - -44. What is the units digit of p?
2
Suppose 0 = -2*h + 4*h - 2*m + 126, 57 = -h + 3*m. Suppose -3*u = -3*r - 9, -u + 5*r = 3*u - 11. What is the units digit of u - (h + 3 + 0)?
7
Suppose -44 - 1032 = -4*a. What is the hundreds digit of a?
2
What is the hundreds digit of (-5 - 3032/(-14))/(10/70)?
4
Suppose -3*u + 1212 = -3*k, 4*u + 3*k = 408 + 1215. Let g = u + -259. What is the hundreds digit of g?
1
Suppose 0*t + 12 = -4*t. Let q be 7/3 - (-4)/t. Suppose 2*n + 15 = 3*p, -2*n = 2*p - 9 - q. What is the units digit of p?
5
Let u = -5 - -8. Let n = u - -1. Suppose 87 = n*x + 15. What is the tens digit of x?
1
Let c be ((-30)/12)/((-1)/2). Suppose t = -c*t. What is the tens digit of 50 + (-4 - t) + 2?
4
Suppose 2*n + n = -3. What is the tens digit of (n/3)/((-4)/924)?
7
Suppose -9*p = -3*p - 54. Suppose p*q = 715 + 2390. What is the tens digit of q?
4
Let t(k) = 263*k**3 + k**2 - k - 1. Let l be t(-1). Let i = l - -407. What is the hundreds digit of i?
1
Let l = -555 - -993. What is the hundreds digit of l?
4
Let q(g) be the third derivative of g**5/60 + g**4/24 - 5*g**3/3 - 9*g**2. What is the units digit of q(5)?
0
Let f(x) = -x**2 - 29*x. Let z be f(-14). What is the tens digit of 4/(-8) - z/(-4)?
5
Suppose -z - 83 = 2*n, -n - n = 3*z + 77. Let q = n - -100. What is the tens digit of q?
5
Let m be (8/(-8))/(2 - (-21)/(-9)). Suppose -4*s = m*b - 2*s - 355, 0 = -3*b + 5*s + 320. What is the hundreds digit of b?
1
Let q be 24/(-40) + 57/(-5). Let j = -12 - q. Suppose 39*b - 43*b + 136 = j. What is the tens digit of b?
3
Let m = 1171 - 287. What is the tens digit of m?
8
Let r(y) = y**3 + 10*y**2 + 9*y + 3. Let a be r(-9). What is the tens digit of ((-68)/10*a)/(16/(-40))?
5
Let a(p) = p**2 + 13*p - 4. Let l be a(-11). Let i(z) = 2*z**2 + 6*z + 9. Let q be i(-6). Let d = q + l. What is the units digit of d?
9
Let l(q) = -2*q - 7*q**2 + 3*q**2 + q + 2*q**3 + 4. Let j = -50 + 53. What is the tens digit of l(j)?
1
Let b be ((-16)/(-28))/((-2)/(-7)). Suppose 3*w + 15 = 0, -43 - 46 = -b*v + w. Suppose 4*j - 30 = -2*i, 2*i = -0*i - j + v. What is the units digit of i?
3
Suppose -206 = 4*n - 2*q, -2*n - 2*n + 4*q - 196 = 0. Suppose -5*b = 5*w + 430, 0 = -6*b + b + w - 418. Let x = n - b. What is the tens digit of x?
3
Let b = -1182 + 1970. What is the tens digit of b?
8
Let r = -40 - -46. Suppose -15*t + 72 = -r*t. What is the units digit of t?
8
Let o be 5*(-6)/(-45)*(-210)/(-4). Let c = 97 + o. What is the tens digit of c?
3
Suppose 9*p = 7794 + 9513. What is the tens digit of p?
2
What is the units digit of 2/4*(-6 + 1562)?
8
What is the tens digit of (-9441)/12*(3/9 - 3)?
9
Suppose -p + 402 = 5*o, -2*o + 1707 = 4*p + 171. Let z = p - 90. What is the hundreds digit of z?
2
Let n(h) = -14*h**3 - 24*h - 89. What is the thousands digit of n(-5)?
1
Let q be 6/(-4)*(-2 + 0). Let j be q/(12/(-340)) - 2. Let w = -55 - j. What is the tens digit of w?
3
Let o(k) = 11*k - 119. Let p be o(12). Suppose -3*m + 157 = 13. Let j = m - p. What is the units digit of j?
5
What is the units digit of (1086 - (-1 - 5)) + 8 + -3?
7
Let n = -351 + 1914. What is the thousands digit of n?
1
Let i = -9 + 5. Let h be (2/i)/((-10)/(-20)). What is the units digit of 1 + -1 + (7 - h)?
8
Suppose -39*h + 49327 + 21497 = 0. What is the units digit of h?
6
Let r = -6685 + 11531. What is the units digit of r?
6
Let q(f) = 2*f**2 + 3*f - 4. Let v be q(-4). Suppose -2*k - v = -t, -3*k + 86 = 3*t + t. What is the units digit of 64/10*t/8?
6
Let a be -2 + (-1*3)/(-3). Let n(q) = -2*q - 8. Let z be n(-8). What is the units digit of z/(-4) - a - -2?
1
Let y(z) = 4*z + 27. Let k be y(-3). Suppose -157 = -k*x + 293. What is the tens digit of x?
3
Let v = -2 - -6. Let y be (v/(-10))/(5/(-25)). Suppose y*g = 5*g - 72. What is the units digit of g?
4
Suppose 0 = -98*u + 86*u + 23616. What is the tens digit of u?
6
Let s(t) be the second derivative of 5*t**4/6 + t**3/2 - 5*t**2/2 - 17*t. What is the units digit of s(4)?
7
Suppose -5*j + 3*t - 8 = 0, -3 = 2*j + t - 2. Suppose -3*g - 1 - 11 = 0. What is the units digit of 34 + g*j/4?
5
Let p(f) = -274*f - 5. What is the hundreds digit of p(-1)?
2
Suppose -2*o + 1483 = 3*t, 0 = -2*t + 4*o + 554 + 408. What is the hundreds digit of t?
4
Suppose o = i - 29 + 189, -4*o = i - 655. What is the tens digit of o?
6
Suppose w + 66 = -110. Let n = w + 81. Let f = n - -136. What is the units digit of f?
1
Let g(y) = -13*y**3 - 8*y**2 - 5*y. What is the tens digit of g(-2)?
8
Suppose -898 - 9721 = -7*c. What is the tens digit of c?
1
What is the tens digit of 1 + 1 - (2 - -778)/(-1)?
8
Let j be (2 - (-37)/2)*2. Suppose -15 = -w - j. Let a = w + 63. What is the tens digit of a?
3
Suppose 0 = -14*n + 11*n. Let c = 8 - 3. Suppose -c*p + n*p = -40. What is the units digit of p?
8
Suppose 4*o - 3012 = -3*i, -7*o - 5020 = -5*i - 3*o. What is the thousands digit of i?
1
Let p(f) = 103*f - 61. What is the units digit of p(5)?
4
Let t be ((-1)/(-4) - 0)*20. Suppose -5*o + n + 3*n = -136, 44 = o - t*n. What is the tens digit of o?
2
Let k(b) = -b**3 - b**2 + 16. Suppose -20 + 4 = -4*a - 2*u, 5*a + 3*u - 21 = 0. Suppose v + a = 4*n, -12 = -5*n + 4*v - 0. What is the units digit of k(n)?
6
Suppose 0 = 5*f + 272 - 2142. Suppose p - f + 118 = 0. What is the hundreds digit of p?
2
Let g(t) be the second derivative of t**4/12 + 2*t**3 + 17*t**2/2 - 9*t. What is the units digit of g(-15)?
2
Let t = -39 - -41. What is the units digit of (t*1 + 30/(-12))*-214?
7
Let v(z) = z + 10. Let y = 58 - 50. What is the tens digit of v(y)?
1
Suppose 0 = -3*x - 5*q - 31, x - 3 = q - 0*q. Let w be 4/x + 13 + -6. Suppose -w*p + j + 88 = -111, -5*p + 3*j + 207 = 0. What is the tens digit of p?
3
Suppose -60 = 4*f - 188. Suppose -2*z + f = -4*g, 3*g + 38 + 14 = 5*z. Let v(n) = 5*n + 18. What is the tens digit of v(z)?
5
Let i(u) = u**3 + 15*u**2 + 5. Let b be i(-15). Suppose 0 = -3*j + 5*q - 25, b*q - 37 = 3*j + 3*q. Let a = j + 17. What is the units digit of a?
2
Suppose -5*f = -l + 752 - 262, -1897 = -4*l - f. What is the hundreds digit of l?
4
Let q be 7 - (3 - (-1 - 0)). What is the tens digit of 750/(q - 0) + 2*1?
5
Let p(b) = 2 + 10 + 0*b**2 + b**2 + 12*b + 2*b. What is the units digit of p(-15)?
7
Let l(m) = 1 + 1439*m + 0 - 1212*m. What is the hundreds digit of l(1)?
2
Suppose -3*v + 2*v - 5*m = 4, -m = 4*v + 54. Let f = 18 + v. Suppose -5*i - z = -122, -2*z = f*i - 6*z - 88. What is the tens digit of i?
2
Let m(q) = -55*q**2 - q. Let n be m(1). Let v = 116 + n. Let c = v + -20. What is the tens digit of c?
4
Let n(j) = -28*j**3 + j**2. Suppose -4*f + 8 + 3 = s, -4*f + 9 = 3*s. What is the tens digit of n(s)?
2
Suppose 4*s = 3*l + 14, 2*s - 2 = 5*l + 12. Let w = 91 - l. What is the tens digit of w?
9
Let r be -1 - 1 - (0 - 6). Suppose r*n + 0*n = m + 15, 5*n = -5*m. What is the units digit of (n/(-6))/(1/(-14))?
7
Suppose -3*l + 27 = -5*m, -l - 7 = -5*m - 26. Let d(p) = -5*p - 92. Let x be d(-18). What is the units digit of x/(-2) + m + 13?
1
Let z = 98 - 27. Suppose -3*g = -z - 85. Suppose b = 2*b + 5*p - g, 3*p - 238 = -5*b. What is the units digit of b?
7
Suppose 19*v = 14*v + 520. Suppose -p - 76 = -v. What is the tens digit of p?
2
Let a(z) = 3*z**2 - 50*z + 72. What is the tens digit of a(19)?
0
Let u(q) = 13*q + 2. Let o(w) = 285*w + 45. Suppose 0 = -2*f + 3*f - 4*v + 10, 0 = 3*f - 5*v + 9. Let l(p) = f*o(p) - 45*u(p). What is the tens digit of l(-2)?
3
Let u(y) = -5*y + 285. What is the units digit of u(-15)?
0
Suppose 18*u = 22855 - 3361. What is the tens digit of u?
8
Let q = 61 + 173. What is the tens digit of q?
3
Suppose -3*r - 70 = -8*r. Suppose -r = -o + 76. Suppose -p + o = 4*p. What is the units digit of p?
8
Suppose -10*n + 2131 = -2699. What is the units digit of n?
3
Suppose -3*w - j = 271, 0*w - 2*w - 186 = -2*j. Let f = -49 - w. What is the units digit of f?
2
Let z(b) = -b**3 + 11*b**2 - 6*b + 7. Let f be z(10). Let d be (-11 - -11) + f*1. Suppose -u = p - 14, -3*p = 5*u - 27 - d. What is the tens digit of u?
1
Sup